{"id":228,"date":"2018-07-19T19:21:55","date_gmt":"2018-07-19T19:21:55","guid":{"rendered":"https:\/\/forestly.ee\/?page_id=228"},"modified":"2024-05-09T13:08:56","modified_gmt":"2024-05-09T13:08:56","slug":"pusimetsauhistuga-liitumine","status":"publish","type":"page","link":"https:\/\/forestly.ee\/?page_id=228","title":{"rendered":"Liitumine"},"content":{"rendered":"<p>Forestlyga liitumissoovi puhul veenduge, et olete tutvunud Eesti metsa\u00a0<a href=\"https:\/\/forestly.ee\/?page_id=10\">alusv\u00e4\u00e4rtuste<\/a>\u00a0ja\u00a0<a href=\"https:\/\/forestly.ee\/?page_id=8\">p\u00f5hikirjaga<\/a>. Nendega n\u00f5ustumisel t\u00e4itke <a href=\"https:\/\/docs.google.com\/forms\/d\/e\/1FAIpQLSe17k3yqJJyosu6uQBRchYnWavkCHqkitTIfwF-zY8itLoWhw\/viewform?urp=gmail_link\">liitumisavaldus<\/a> ja saatke see e-postiga aadressile info@forestly.ee ning tehke Forestly pangakontole \u00fclekanne valitus suuruses osamakse ja liitumistasuga (10 eurot). Osamaksu ja liitumistasu tasumist loeme liitumisavalduse allkirjastamiseks, mille j\u00e4rel olete Forestly liikmeks vastu v\u00f5etud. Minimaalne osamaks ehk investeering on 30 eurot.<\/p>\n<p>Lisainformatsiooni saab k\u00fcsida kirjutades info@forestly.ee.<\/p>\n<p>&nbsp;<\/p>\n<p><strong>Makse tegemiseks vajalik info:<\/strong><\/p>\n<p>Makse saaja: Forestly Eesti (v\u00f5i Tulundus\u00fchistu Forestly Eesti)<br \/>\nKontonumber: EE537700771003204381<br \/>\nSelgitus: Osamaks ja liitumismaks, teie nimi<\/p>\n<p><a href=\"https:\/\/forestly.ee\" data-elementor-open-lightbox=\"\"><br \/>\n<img decoding=\"async\" title=\"metsafond Forestly\" src=\"https:\/\/forestly.ee\/wp-content\/uploads\/elementor\/thumbs\/Forestly-600x600-nyfyi0fyn660vyxazfq6fz72jak79rs4ywhu38f6y0.png\" alt=\"metsafond Forestly\" \/> <\/a><\/p>\n","protected":false},"excerpt":{"rendered":"<p>Forestlyga liitumissoovi puhul veenduge, et olete tutvunud Eesti metsa\u00a0alusv\u00e4\u00e4rtuste\u00a0ja\u00a0p\u00f5hikirjaga. Nendega n\u00f5ustumisel t\u00e4itke liitumisavaldus ja saatke see e-postiga aadressile info@forestly.ee ning tehke Forestly [&hellip;]<\/p>\n","protected":false},"author":1,"featured_media":0,"parent":0,"menu_order":300,"comment_status":"closed","ping_status":"closed","template":"page-templates\/page_fullwidth.php","meta":{"footnotes":""},"class_list":["post-228","page","type-page","status-publish","hentry"],"_links":{"self":[{"href":"https:\/\/forestly.ee\/index.php?rest_route=\/wp\/v2\/pages\/228","targetHints":{"allow":["GET"]}}],"collection":[{"href":"https:\/\/forestly.ee\/index.php?rest_route=\/wp\/v2\/pages"}],"about":[{"href":"https:\/\/forestly.ee\/index.php?rest_route=\/wp\/v2\/types\/page"}],"author":[{"embeddable":true,"href":"https:\/\/forestly.ee\/index.php?rest_route=\/wp\/v2\/users\/1"}],"replies":[{"embeddable":true,"href":"https:\/\/forestly.ee\/index.php?rest_route=%2Fwp%2Fv2%2Fcomments&post=228"}],"version-history":[{"count":25,"href":"https:\/\/forestly.ee\/index.php?rest_route=\/wp\/v2\/pages\/228\/revisions"}],"predecessor-version":[{"id":1098,"href":"https:\/\/forestly.ee\/index.php?rest_route=\/wp\/v2\/pages\/228\/revisions\/1098"}],"wp:attachment":[{"href":"https:\/\/forestly.ee\/index.php?rest_route=%2Fwp%2Fv2%2Fmedia&parent=228"}],"curies":[{"name":"wp","href":"https:\/\/api.w.org\/{rel}","templated":true}]}}